 the remainder when 178554 is divided by 127?
119
Calculate the remainder when 5920 is divided by 1954.
58
Calculate the remainder when 4047 is divided by 3120.
927
Calculate the remainder when 5247 is divided by 220.
187
What is the remainder when 2722 is divided by 562?
474
Calculate the remainder when 6836 is divided by 565.
56
Calculate the remainder when 7721 is divided by 624.
233
Calculate the remainder when 448 is divided by 343.
105
What is the remainder when 7762 is divided by 776?
2
Calculate the remainder when 321736 is divided by 13.
12
What is the remainder when 13017 is divided by 520?
17
Calculate the remainder when 3651 is divided by 382.
213
Calculate the remainder when 20407 is divided by 6792.
31
Calculate the remainder when 60711 is divided by 30299.
113
What is the remainder when 1149 is divided by 152?
85
Calculate the remainder when 12217 is divided by 44.
29
Calculate the remainder when 841 is divided by 282.
277
Calculate the remainder when 18633 is divided by 1321.
139
Calculate the remainder when 18092 is divided by 822.
8
Calculate the remainder when 567 is divided by 67.
31
What is the remainder when 78654 is divided by 78637?
17
Calculate the remainder when 946 is divided by 471.
4
What is the remainder when 9389 is divided by 9354?
35
What is the remainder when 2063 is divided by 12?
11
Calculate the remainder when 6931 is divided by 365.
361
Calculate the remainder when 81320 is divided by 13529.
146
Calculate the remainder when 5544 is divided by 30.
24
Calculate the remainder when 38809 is divided by 38799.
10
What is the remainder when 49229 is divided by 1736?
621
Calculate the remainder when 222579 is divided by 10599.
0
Calculate the remainder when 7151 is divided by 1380.
251
Calculate the remainder when 76 is divided by 13.
11
Calculate the remainder when 73159 is divided by 156.
151
Calculate the remainder when 3738 is divided by 133.
14
Calculate the remainder when 5671 is divided by 24.
7
Calculate the remainder when 6877 is divided by 1697.
89
What is the remainder when 3633 is divided by 1108?
309
What is the remainder when 544 is divided by 149?
97
What is the remainder when 1322 is divided by 224?
202
Calculate the remainder when 96497 is divided by 12.
5
Calculate the remainder when 2422 is divided by 1298.
1124
What is the remainder when 80012 is divided by 149?
148
What is the remainder when 20105 is divided by 4021?
0
What is the remainder when 1645 is divided by 552?
541
What is the remainder when 33700 is divided by 11221?
37
What is the remainder when 416391 is divided by 83276?
11
Calculate the remainder when 27941 is divided by 15.
11
Calculate the remainder when 105490 is divided by 38.
2
What is the remainder when 5289 is divided by 153?
87
What is the remainder when 169 is divided by 1?
0
Calculate the remainder when 1072 is divided by 345.
37
What is the remainder when 80811 is divided by 43?
14
What is the remainder when 17241 is divided by 24?
9
What is the remainder when 12472 is divided by 3117?
4
Calculate the remainder when 312677 is divided by 40.
37
What is the remainder when 41544 is divided by 196?
188
What is the remainder when 370964 is divided by 105?
104
Calculate the remainder when 5869 is divided by 477.
145
What is the remainder when 6910 is divided by 23?
10
What is the remainder when 20898 is divided by 13?
7
Calculate the remainder when 5371819 is divided by 164.
163
Calculate the remainder when 9543 is divided by 88.
39
Calculate the remainder when 120529 is divided by 12043.
99
What is the remainder when 100350 is divided by 42?
12
Calculate the remainder when 8569 is divided by 507.
457
What is the remainder when 23129 is divided by 5782?
1
What is the remainder when 17600 is divided by 800?
0
Calculate the remainder when 112496 is divided by 250.
246
Calculate the remainder when 27813 is divided by 199.
152
What is the remainder when 24427 is divided by 17?
15
What is the remainder when 26192 is divided by 6540?
32
Calculate the remainder when 116981 is divided by 19.
17
Calculate the remainder when 104548 is divided by 38.
10
Calculate the remainder when 33531 is divided by 2.
1
Calculate the remainder when 5199 is divided by 254.
119
Calculate the remainder when 287712 is divided by 71925.
12
Calculate the remainder when 19176 is divided by 4792.
8
Calculate the remainder when 8297 is divided by 8282.
15
What is the remainder when 166793 is divided by 600?
593
Calculate the remainder when 232 is divided by 160.
72
What is the remainder when 9400 is divided by 10?
0
Calculate the remainder when 836118 is divided by 20.
18
Calculate the remainder when 36375 is divided by 6060.
15
What is the remainder when 787856 is divided by 414?
14
Calculate the remainder when 7387 is divided by 21.
16
Calculate the remainder when 5337 is divided by 1722.
171
Calculate the remainder when 993407 is divided by 14.
9
What is the remainder when 39259 is divided by 134?
131
What is the remainder when 3210 is divided by 1046?
72
What is the remainder when 155266 is divided by 4?
2
What is the remainder when 4185 is divided by 2013?
159
Calculate the remainder when 189821 is divided by 791.
772
What is the remainder when 673 is divided by 42?
1
Calculate the remainder when 98947 is divided by 24.
19
Calculate the remainder when 8179 is divided by 2339.
1162
What is the remainder when 19704 is divided by 6429?
417
Calculate the remainder when 64928 is divided by 82.
66
What is the remainder when 20584 is divided by 7?
4
Calculate the remainder when 119857 is divided by 39948.
13
What is the remainder when 9260 is divided by 2645?
1325
What is the remainder when 664188 is divided by 82?
70
Calculate the remainder when 1635 is divided by 14.
11
What is the remainder when 616074 is divided by 95?
94
What is the remainder when 125621 is divided by 658?
601
Calculate the remainder when 19400 is divided by 231.
227
What is the remainder when 21753 is divided by 283?
245
What is the remainder when 4361 is divided by 700?
161
What is the remainder when 46590 is divided by 4?
2
What is the remainder when 2299 is divided by 1131?
37
What is the remainder when 55633 is divided by 188?
173
Calculate the remainder when 18999 is divided by 1266.
9
What is the remainder when 1578 is divided by 697?
184
What is the remainder when 6067 is divided by 6020?
47
Calculate the remainder when 1067 is divided by 206.
37
What is the remainder when 28319 is divided by 7063?
67
What is the remainder when 26245 is divided by 846?
19
What is the remainder when 1485 is divided by 501?
483
What is the remainder when 5864 is divided by 183?
8
What is the remainder when 620419 is divided by 36?
31
Calculate the remainder when 9351 is divided by 87.
42
Calculate the remainder when 983 is divided by 42.
17
Calculate the remainder when 824 is divided by 817.
7
What is the remainder when 19035 is divided by 27?
0
What is the remainder when 37981 is divided by 12637?
70
Calculate the remainder when 2741758 is divided by 640.
638
What is the remainder when 1940391 is divided by 19?
16
What is the remainder when 13441 is divided by 2235?
31
What is the remainder when 21795 is divided by 341?
312
What is the remainder when 6638 is divided by 1440?
878
What is the remainder when 5740316 is divided by 9?
8
Calculate the remainder when 10454 is divided by 695.
29
Calculate the remainder when 11295 is divided by 54.
9
What is the remainder when 49366 is divided by 4936?
6
Calculate the remainder when 17538 is divided by 5846.
0
Calculate the remainder when 47883 is divided by 18.
3
Calculate the remainder when 272405 is divided by 136197.
11
Calculate the remainder when 1474465 is divided by 90.
85
Calculate the remainder when 13847 is divided by 132.
119
Calculate the remainder when 9592 is divided by 3156.
124
What is the remainder when 87211 is divided by 92?
87
What is the remainder when 2982 is divided by 927?
201
What is the remainder when 52864 is divided by 513?
25
What is the remainder when 3672 is divided by 15?
12
Calculate the remainder when 72059 is divided by 616.
603
What is the remainder when 550 is divided by 93?
85
Calculate the remainder when 28268 is divided by 17.
14
What is the remainder when 18522 